{"id":120,"date":"2019-10-23T12:25:25","date_gmt":"2019-10-23T12:25:25","guid":{"rendered":"http:\/\/sonic-heads.com\/?page_id=120"},"modified":"2019-10-26T17:49:49","modified_gmt":"2019-10-26T17:49:49","slug":"about","status":"publish","type":"page","link":"https:\/\/sonic-heads.com\/?page_id=120","title":{"rendered":"ABOUT"},"content":{"rendered":"\n<h3 style=\"text-align:center\"><strong>EIN PAAR INFOS ZUR BAND UND DEN MUSIKERN<\/strong><\/h3>\n\n\n\n<div style=\"height:20px\" aria-hidden=\"true\" class=\"wp-block-spacer\"><\/div>\n\n\n\n<div class=\"wp-block-cover\" style=\"background-image:url(https:\/\/sonic-heads.com\/wp-content\/uploads\/2019\/10\/Sonic_Heads_Live_03.jpg)\"><div class=\"wp-block-cover__inner-container\">\n<p style=\"text-align:center\" class=\"has-large-font-size\"><\/p>\n<\/div><\/div>\n\n\n\n<p style=\"text-align:center\" class=\"has-medium-font-size\">Aus allen Ecken des Rhein-Sieg-Kreises kommend, treffen sich diese f\u00fcnf Herren seit 2015 in Troisdorf, um als SONIC HEADS aus Prog, Jam und Anleihen aus Blues und Funk, Feinstes f\u00fcr die Ohren zu zaubern, laut und leise, zum Wippen und zum Hotten. Gestandene Musiker mit einem klasse Gesp\u00fcr f\u00fcr Groove und Dynamik. SONIC HEADS, der Klang bleibt nicht nur im Kopf. Der trifft auch Bauch, Herz und f\u00e4hrt in die Beine. Gitarre &#8211; Sven Axer, Schlagzeug &#8211; Sascha Bolz, Keyboard &#8211; Rainer Busenbender, Bass &#8211; Marc Kirschvink, Gesang &#8211; Gregor Sch\u00fctterle.<\/p>\n\n\n\n<div style=\"height:20px\" aria-hidden=\"true\" class=\"wp-block-spacer\"><\/div>\n\n\n\n<div class=\"wp-block-media-text alignwide has-media-on-the-right\"><figure class=\"wp-block-media-text__media\"><img loading=\"lazy\" width=\"683\" height=\"1024\" src=\"https:\/\/sonic-heads.com\/wp-content\/uploads\/2019\/10\/Gregor-Sch\u00fctterle-Portrait-683x1024.jpg\" alt=\"\" class=\"wp-image-160\" srcset=\"https:\/\/sonic-heads.com\/wp-content\/uploads\/2019\/10\/Gregor-Sch\u00fctterle-Portrait-683x1024.jpg 683w, https:\/\/sonic-heads.com\/wp-content\/uploads\/2019\/10\/Gregor-Sch\u00fctterle-Portrait-200x300.jpg 200w, https:\/\/sonic-heads.com\/wp-content\/uploads\/2019\/10\/Gregor-Sch\u00fctterle-Portrait-768x1152.jpg 768w, https:\/\/sonic-heads.com\/wp-content\/uploads\/2019\/10\/Gregor-Sch\u00fctterle-Portrait.jpg 1000w\" sizes=\"(max-width: 683px) 100vw, 683px\" \/><\/figure><div class=\"wp-block-media-text__content\">\n<p style=\"text-align:right\" class=\"has-medium-font-size\"><strong>GREGOR SCH\u00dcTTERLE<\/strong> &#8211; vocals<br>Sobald er auf der B\u00fchne ist, h\u00e4lt Ihn nichts mehr still. Mit seinem eigenen Gesangsstil pr\u00e4gt er den Sound der Heads entschieden mit. Einer der selten anzutreffenden S\u00e4nger, der auch locker bei einer improvisierten Session mithalten kann, denn er beherrscht sein Instrument auch ohne Text und Noten. \ud83d\ude42 Alle Texte und Gesangslinien der SONIC HEADS stammen aus seiner Feder.<\/p>\n<\/div><\/div>\n\n\n\n<div style=\"height:20px\" aria-hidden=\"true\" class=\"wp-block-spacer\"><\/div>\n\n\n\n<div class=\"wp-block-media-text alignwide\"><figure class=\"wp-block-media-text__media\"><img loading=\"lazy\" width=\"683\" height=\"1024\" src=\"https:\/\/sonic-heads.com\/wp-content\/uploads\/2019\/10\/Marc-Kirschvink-Portrait-683x1024.jpg\" alt=\"\" class=\"wp-image-161\" srcset=\"https:\/\/sonic-heads.com\/wp-content\/uploads\/2019\/10\/Marc-Kirschvink-Portrait-683x1024.jpg 683w, https:\/\/sonic-heads.com\/wp-content\/uploads\/2019\/10\/Marc-Kirschvink-Portrait-200x300.jpg 200w, https:\/\/sonic-heads.com\/wp-content\/uploads\/2019\/10\/Marc-Kirschvink-Portrait-768x1152.jpg 768w, https:\/\/sonic-heads.com\/wp-content\/uploads\/2019\/10\/Marc-Kirschvink-Portrait.jpg 1000w\" sizes=\"(max-width: 683px) 100vw, 683px\" \/><\/figure><div class=\"wp-block-media-text__content\">\n<p class=\"has-medium-font-size\"><strong>MARC KIRSCHVINK<\/strong> &#8211; bass<br>Life is better as a bassplayer. So lautet wohl sein Lebensmotto. Bassist aus \u00dcberzeugung mit weitreichenden Talenten auch in der Kunst. So malt er auch schon mal  f\u00fcr eine Oper die Partitur. Bei den SONIC HEADS zust\u00e4ndig f\u00fcr den Groove \u00fcbernimmt er zus\u00e4tzlich die grafischen Aufgaben und gestaltet Flyer, Plakate etc. und baut auch schon mal kurzfristig eine Homepage zusammen. \ud83d\ude09 Der ruhende Pool der Band. <\/p>\n<\/div><\/div>\n\n\n\n<div style=\"height:20px\" aria-hidden=\"true\" class=\"wp-block-spacer\"><\/div>\n\n\n\n<div class=\"wp-block-media-text alignwide has-media-on-the-right\"><figure class=\"wp-block-media-text__media\"><img loading=\"lazy\" width=\"683\" height=\"1024\" src=\"https:\/\/sonic-heads.com\/wp-content\/uploads\/2019\/10\/Rainer-Busenbender-Portrait-683x1024.jpg\" alt=\"\" class=\"wp-image-162\" srcset=\"https:\/\/sonic-heads.com\/wp-content\/uploads\/2019\/10\/Rainer-Busenbender-Portrait-683x1024.jpg 683w, https:\/\/sonic-heads.com\/wp-content\/uploads\/2019\/10\/Rainer-Busenbender-Portrait-200x300.jpg 200w, https:\/\/sonic-heads.com\/wp-content\/uploads\/2019\/10\/Rainer-Busenbender-Portrait-768x1152.jpg 768w, https:\/\/sonic-heads.com\/wp-content\/uploads\/2019\/10\/Rainer-Busenbender-Portrait.jpg 1000w\" sizes=\"(max-width: 683px) 100vw, 683px\" \/><\/figure><div class=\"wp-block-media-text__content\">\n<p style=\"text-align:right\" class=\"has-medium-font-size\"><strong>RAINER BUSENBENDER<\/strong> &#8211; keyboards<br>Zust\u00e4ndig f\u00fcr die Tastensounds und versierter Harmoniet\u00fcftler. Wenn er sein Netzger\u00e4t dabei hat (! running Gag), bastelt er an den Soundcollagen der SONIC HEADS Songs.  (Falls nicht das Sustainpedal streikt.) Unter 88 anschlagdynamischen Tasten l\u00e4uft da gar nichts. Und einen Hocker und Keyboardst\u00e4nder hat er inzwischen auch. \ud83d\ude09<\/p>\n<\/div><\/div>\n\n\n\n<div style=\"height:20px\" aria-hidden=\"true\" class=\"wp-block-spacer\"><\/div>\n\n\n\n<div class=\"wp-block-media-text alignwide\"><figure class=\"wp-block-media-text__media\"><img loading=\"lazy\" width=\"683\" height=\"1024\" src=\"https:\/\/sonic-heads.com\/wp-content\/uploads\/2019\/10\/Sascha-Bolz-Portrait_b-683x1024.jpg\" alt=\"\" class=\"wp-image-190\" srcset=\"https:\/\/sonic-heads.com\/wp-content\/uploads\/2019\/10\/Sascha-Bolz-Portrait_b-683x1024.jpg 683w, https:\/\/sonic-heads.com\/wp-content\/uploads\/2019\/10\/Sascha-Bolz-Portrait_b-200x300.jpg 200w, https:\/\/sonic-heads.com\/wp-content\/uploads\/2019\/10\/Sascha-Bolz-Portrait_b-768x1152.jpg 768w, https:\/\/sonic-heads.com\/wp-content\/uploads\/2019\/10\/Sascha-Bolz-Portrait_b.jpg 1000w\" sizes=\"(max-width: 683px) 100vw, 683px\" \/><\/figure><div class=\"wp-block-media-text__content\">\n<p class=\"has-medium-font-size\"><strong>SASCHA BOLZ<\/strong> &#8211; drums<br>Immer im Timing und dies ganz locker aus der H\u00fcfte. Kann jeden Takt, egal wie zerst\u00fcckelt, nachz\u00e4hlen. (Und ist da sehr geduldig mit dem Rest der Band). Trommelt gerne an komplexen Sachen rum und bringt auch anderen Menschen das Schlagzeugspielen bei. Muss immer erst was essen, bevor geprobt werden kann. \ud83d\ude42 Pr\u00e4gt mit seinem Schlagzeugstil ma\u00dfgeblich den Sound der SONIC HEADS.<\/p>\n<\/div><\/div>\n\n\n\n<div style=\"height:20px\" aria-hidden=\"true\" class=\"wp-block-spacer\"><\/div>\n\n\n\n<div class=\"wp-block-media-text alignwide has-media-on-the-right\"><figure class=\"wp-block-media-text__media\"><img loading=\"lazy\" width=\"683\" height=\"1024\" src=\"https:\/\/sonic-heads.com\/wp-content\/uploads\/2019\/10\/Sven-Axer-Portrait-683x1024.jpg\" alt=\"\" class=\"wp-image-164\" srcset=\"https:\/\/sonic-heads.com\/wp-content\/uploads\/2019\/10\/Sven-Axer-Portrait-683x1024.jpg 683w, https:\/\/sonic-heads.com\/wp-content\/uploads\/2019\/10\/Sven-Axer-Portrait-200x300.jpg 200w, https:\/\/sonic-heads.com\/wp-content\/uploads\/2019\/10\/Sven-Axer-Portrait-768x1152.jpg 768w, https:\/\/sonic-heads.com\/wp-content\/uploads\/2019\/10\/Sven-Axer-Portrait.jpg 1000w\" sizes=\"(max-width: 683px) 100vw, 683px\" \/><\/figure><div class=\"wp-block-media-text__content\">\n<p style=\"text-align:right\" class=\"has-medium-font-size\"><strong>SVEN AXER<\/strong> &#8211; guitar<br>Hat seit seinen Anf\u00e4ngen im Kindesalter eine lange musikalische Reise hinter sich, die ihn vom Hardrock zu Jazzrock-, Blues-, Funk-, Reggae- und Fusionbands gef\u00fchrt haben. Und somit genie\u00dfen die SONIC HEADS diesen gewaltigen Schatz an Vielseitigkeit gepaart mit stilsicherer Sensibilit\u00e4t in jedem Song. Sven hat wohl ein musikalisches Ged\u00e4chtnis, was er jederzeit abrufen und auf der Gitarre umsetzen kann. Immer wieder erstaunlich. \ud83d\ude42<\/p>\n<\/div><\/div>\n","protected":false},"excerpt":{"rendered":"<p>EIN PAAR INFOS ZUR BAND UND DEN MUSIKERN Aus allen Ecken des Rhein-Sieg-Kreises kommend, treffen sich diese f\u00fcnf Herren seit 2015 in Troisdorf, um als SONIC HEADS aus Prog, Jam und Anleihen aus Blues und Funk, Feinstes f\u00fcr die Ohren zu zaubern, laut und leise, <span class=\"read-more\"><a class=\"more-link btn btn-transparent\" href=\"https:\/\/sonic-heads.com\/?page_id=120\">Read More &#8230;<\/a><\/span><\/p>\n","protected":false},"author":1,"featured_media":0,"parent":0,"menu_order":3,"comment_status":"closed","ping_status":"closed","template":"","meta":[],"_links":{"self":[{"href":"https:\/\/sonic-heads.com\/index.php?rest_route=\/wp\/v2\/pages\/120"}],"collection":[{"href":"https:\/\/sonic-heads.com\/index.php?rest_route=\/wp\/v2\/pages"}],"about":[{"href":"https:\/\/sonic-heads.com\/index.php?rest_route=\/wp\/v2\/types\/page"}],"author":[{"embeddable":true,"href":"https:\/\/sonic-heads.com\/index.php?rest_route=\/wp\/v2\/users\/1"}],"replies":[{"embeddable":true,"href":"https:\/\/sonic-heads.com\/index.php?rest_route=%2Fwp%2Fv2%2Fcomments&post=120"}],"version-history":[{"count":23,"href":"https:\/\/sonic-heads.com\/index.php?rest_route=\/wp\/v2\/pages\/120\/revisions"}],"predecessor-version":[{"id":413,"href":"https:\/\/sonic-heads.com\/index.php?rest_route=\/wp\/v2\/pages\/120\/revisions\/413"}],"wp:attachment":[{"href":"https:\/\/sonic-heads.com\/index.php?rest_route=%2Fwp%2Fv2%2Fmedia&parent=120"}],"curies":[{"name":"wp","href":"https:\/\/api.w.org\/{rel}","templated":true}]}}

<h3 style="text-align:center"><strong>EIN PAAR INFOS ZUR BAND UND DEN MUSIKERN</strong></h3>



<div style="height:20px" aria-hidden="true" class="wp-block-spacer"></div>



<div class="wp-block-cover" style="background-image:url(https://sonic-heads.com/wp-content/uploads/2019/10/Sonic_Heads_Live_03.jpg)"><div class="wp-block-cover__inner-container">
<p style="text-align:center" class="has-large-font-size"></p>
</div></div>



<p style="text-align:center" class="has-medium-font-size">Aus allen Ecken des Rhein-Sieg-Kreises kommend, treffen sich diese fünf Herren seit 2015 in Troisdorf, um als SONIC HEADS aus Prog, Jam und Anleihen aus Blues und Funk, Feinstes für die Ohren zu zaubern, laut und leise, zum Wippen und zum Hotten. Gestandene Musiker mit einem klasse Gespür für Groove und Dynamik. SONIC HEADS, der Klang bleibt nicht nur im Kopf. Der trifft auch Bauch, Herz und fährt in die Beine. Gitarre &#8211; Sven Axer, Schlagzeug &#8211; Sascha Bolz, Keyboard &#8211; Rainer Busenbender, Bass &#8211; Marc Kirschvink, Gesang &#8211; Gregor Schütterle.</p>



<div style="height:20px" aria-hidden="true" class="wp-block-spacer"></div>



<div class="wp-block-media-text alignwide has-media-on-the-right"><figure class="wp-block-media-text__media"><img loading="lazy" width="683" height="1024" src="https://sonic-heads.com/wp-content/uploads/2019/10/Gregor-Schütterle-Portrait-683x1024.jpg" alt="" class="wp-image-160" srcset="https://sonic-heads.com/wp-content/uploads/2019/10/Gregor-Schütterle-Portrait-683x1024.jpg 683w, https://sonic-heads.com/wp-content/uploads/2019/10/Gregor-Schütterle-Portrait-200x300.jpg 200w, https://sonic-heads.com/wp-content/uploads/2019/10/Gregor-Schütterle-Portrait-768x1152.jpg 768w, https://sonic-heads.com/wp-content/uploads/2019/10/Gregor-Schütterle-Portrait.jpg 1000w" sizes="(max-width: 683px) 100vw, 683px" /></figure><div class="wp-block-media-text__content">
<p style="text-align:right" class="has-medium-font-size"><strong>GREGOR SCHÜTTERLE</strong> &#8211; vocals<br>Sobald er auf der Bühne ist, hält Ihn nichts mehr still. Mit seinem eigenen Gesangsstil prägt er den Sound der Heads entschieden mit. Einer der selten anzutreffenden Sänger, der auch locker bei einer improvisierten Session mithalten kann, denn er beherrscht sein Instrument auch ohne Text und Noten. 🙂 Alle Texte und Gesangslinien der SONIC HEADS stammen aus seiner Feder.</p>
</div></div>



<div style="height:20px" aria-hidden="true" class="wp-block-spacer"></div>



<div class="wp-block-media-text alignwide"><figure class="wp-block-media-text__media"><img loading="lazy" width="683" height="1024" src="https://sonic-heads.com/wp-content/uploads/2019/10/Marc-Kirschvink-Portrait-683x1024.jpg" alt="" class="wp-image-161" srcset="https://sonic-heads.com/wp-content/uploads/2019/10/Marc-Kirschvink-Portrait-683x1024.jpg 683w, https://sonic-heads.com/wp-content/uploads/2019/10/Marc-Kirschvink-Portrait-200x300.jpg 200w, https://sonic-heads.com/wp-content/uploads/2019/10/Marc-Kirschvink-Portrait-768x1152.jpg 768w, https://sonic-heads.com/wp-content/uploads/2019/10/Marc-Kirschvink-Portrait.jpg 1000w" sizes="(max-width: 683px) 100vw, 683px" /></figure><div class="wp-block-media-text__content">
<p class="has-medium-font-size"><strong>MARC KIRSCHVINK</strong> &#8211; bass<br>Life is better as a bassplayer. So lautet wohl sein Lebensmotto. Bassist aus Überzeugung mit weitreichenden Talenten auch in der Kunst. So malt er auch schon mal  für eine Oper die Partitur. Bei den SONIC HEADS zuständig für den Groove übernimmt er zusätzlich die grafischen Aufgaben und gestaltet Flyer, Plakate etc. und baut auch schon mal kurzfristig eine Homepage zusammen. 😉 Der ruhende Pool der Band. </p>
</div></div>



<div style="height:20px" aria-hidden="true" class="wp-block-spacer"></div>



<div class="wp-block-media-text alignwide has-media-on-the-right"><figure class="wp-block-media-text__media"><img loading="lazy" width="683" height="1024" src="https://sonic-heads.com/wp-content/uploads/2019/10/Rainer-Busenbender-Portrait-683x1024.jpg" alt="" class="wp-image-162" srcset="https://sonic-heads.com/wp-content/uploads/2019/10/Rainer-Busenbender-Portrait-683x1024.jpg 683w, https://sonic-heads.com/wp-content/uploads/2019/10/Rainer-Busenbender-Portrait-200x300.jpg 200w, https://sonic-heads.com/wp-content/uploads/2019/10/Rainer-Busenbender-Portrait-768x1152.jpg 768w, https://sonic-heads.com/wp-content/uploads/2019/10/Rainer-Busenbender-Portrait.jpg 1000w" sizes="(max-width: 683px) 100vw, 683px" /></figure><div class="wp-block-media-text__content">
<p style="text-align:right" class="has-medium-font-size"><strong>RAINER BUSENBENDER</strong> &#8211; keyboards<br>Zuständig für die Tastensounds und versierter Harmonietüftler. Wenn er sein Netzgerät dabei hat (! running Gag), bastelt er an den Soundcollagen der SONIC HEADS Songs.  (Falls nicht das Sustainpedal streikt.) Unter 88 anschlagdynamischen Tasten läuft da gar nichts. Und einen Hocker und Keyboardständer hat er inzwischen auch. 😉</p>
</div></div>



<div style="height:20px" aria-hidden="true" class="wp-block-spacer"></div>



<div class="wp-block-media-text alignwide"><figure class="wp-block-media-text__media"><img loading="lazy" width="683" height="1024" src="https://sonic-heads.com/wp-content/uploads/2019/10/Sascha-Bolz-Portrait_b-683x1024.jpg" alt="" class="wp-image-190" srcset="https://sonic-heads.com/wp-content/uploads/2019/10/Sascha-Bolz-Portrait_b-683x1024.jpg 683w, https://sonic-heads.com/wp-content/uploads/2019/10/Sascha-Bolz-Portrait_b-200x300.jpg 200w, https://sonic-heads.com/wp-content/uploads/2019/10/Sascha-Bolz-Portrait_b-768x1152.jpg 768w, https://sonic-heads.com/wp-content/uploads/2019/10/Sascha-Bolz-Portrait_b.jpg 1000w" sizes="(max-width: 683px) 100vw, 683px" /></figure><div class="wp-block-media-text__content">
<p class="has-medium-font-size"><strong>SASCHA BOLZ</strong> &#8211; drums<br>Immer im Timing und dies ganz locker aus der Hüfte. Kann jeden Takt, egal wie zerstückelt, nachzählen. (Und ist da sehr geduldig mit dem Rest der Band). Trommelt gerne an komplexen Sachen rum und bringt auch anderen Menschen das Schlagzeugspielen bei. Muss immer erst was essen, bevor geprobt werden kann. 🙂 Prägt mit seinem Schlagzeugstil maßgeblich den Sound der SONIC HEADS.</p>
</div></div>



<div style="height:20px" aria-hidden="true" class="wp-block-spacer"></div>



<div class="wp-block-media-text alignwide has-media-on-the-right"><figure class="wp-block-media-text__media"><img loading="lazy" width="683" height="1024" src="https://sonic-heads.com/wp-content/uploads/2019/10/Sven-Axer-Portrait-683x1024.jpg" alt="" class="wp-image-164" srcset="https://sonic-heads.com/wp-content/uploads/2019/10/Sven-Axer-Portrait-683x1024.jpg 683w, https://sonic-heads.com/wp-content/uploads/2019/10/Sven-Axer-Portrait-200x300.jpg 200w, https://sonic-heads.com/wp-content/uploads/2019/10/Sven-Axer-Portrait-768x1152.jpg 768w, https://sonic-heads.com/wp-content/uploads/2019/10/Sven-Axer-Portrait.jpg 1000w" sizes="(max-width: 683px) 100vw, 683px" /></figure><div class="wp-block-media-text__content">
<p style="text-align:right" class="has-medium-font-size"><strong>SVEN AXER</strong> &#8211; guitar<br>Hat seit seinen Anfängen im Kindesalter eine lange musikalische Reise hinter sich, die ihn vom Hardrock zu Jazzrock-, Blues-, Funk-, Reggae- und Fusionbands geführt haben. Und somit genießen die SONIC HEADS diesen gewaltigen Schatz an Vielseitigkeit gepaart mit stilsicherer Sensibilität in jedem Song. Sven hat wohl ein musikalisches Gedächtnis, was er jederzeit abrufen und auf der Gitarre umsetzen kann. Immer wieder erstaunlich. 🙂</p>
</div></div>

<p>EIN PAAR INFOS ZUR BAND UND DEN MUSIKERN Aus allen Ecken des Rhein-Sieg-Kreises kommend, treffen sich diese fünf Herren seit 2015 in Troisdorf, um als SONIC HEADS aus Prog, Jam und Anleihen aus Blues und Funk, Feinstes für die Ohren zu zaubern, laut und leise, <span class="read-more"><a class="more-link btn btn-transparent" href="https://sonic-heads.com/?page_id=120">Read More &#8230;</a></span></p>
